{"id":22,"date":"2023-02-08T13:11:51","date_gmt":"2023-02-08T12:11:51","guid":{"rendered":"http:\/\/viosime.earth\/cdrozo\/?page_id=22"},"modified":"2025-11-24T19:54:16","modified_gmt":"2025-11-24T18:54:16","slug":"a-propos-competences","status":"publish","type":"page","link":"https:\/\/viosime.earth\/cdrozo\/a-propos-competences\/","title":{"rendered":"A propos"},"content":{"rendered":"\n<h3 class=\"wp-block-heading\"><strong>Qui suis-je?<\/strong><\/h3>\n\n\n\n<p>Je suis consultant en strat\u00e9gie, expert en gestion des risques et praticien en comptabilit\u00e9 socio-environnementale.<br>J&rsquo;ai construit mon exp\u00e9rience transversale \u00e0 partir de la gestion de projets de transformation complexes et strat\u00e9giques. Les trois piliers qui fondent mon expertise : ing\u00e9nierie et doctorat en simulation num\u00e9rique, plus de 20 ans d&rsquo;exp\u00e9rience en finance quantitative, <a href=\"http:\/\/viosime.earth\/cdrozo\/manifeste\/\">gestion des risque<\/a><a href=\"https:\/\/viosime.earth\/cdrozo\/manifeste\/\">s<\/a> et <a href=\"http:\/\/https\/\/viosime.earth\/cdrozo\/manifeste\/\">enjeux r\u00e9glementaires<\/a>, expertise pratique en comptabilit\u00e9 socio-environnementale.<\/p>\n\n\n\n<p>Fort de ces comp\u00e9tences, j\u2019offre un accompagnement complet, de l&rsquo;audit initial \u00e0 l&rsquo;\u00e9laboration de sc\u00e9narios, en passant par la construction et la mise en \u0153uvre de strat\u00e9gies financi\u00e8res et extra-financi\u00e8res adapt\u00e9es.<\/p>\n\n\n\n<div class=\"wp-block-columns is-layout-flex wp-container-core-columns-is-layout-5c5cdacd wp-block-columns-is-layout-flex\" style=\"padding-top:var(--wp--preset--spacing--20);padding-right:var(--wp--preset--spacing--20);padding-bottom:var(--wp--preset--spacing--20);padding-left:var(--wp--preset--spacing--20)\">\n<div class=\"wp-block-column is-layout-flow wp-block-column-is-layout-flow\" style=\"flex-basis:66.66%\">\n<h3 class=\"wp-block-heading\"><strong>Comp\u00e9tences<\/strong><\/h3>\n\n\n\n<p>Leadership, gestion des risques, conduite de transformations complexes et mise en \u0153uvre de projets d\u2019envergure \u00e0 fort impact m\u00e9tier, risques climatiques, responsabilit\u00e9 soci\u00e9tale des entreprises, comptabilit\u00e9s \u00e9cologiques, \u00e9conomie circulaire, mise en conformit\u00e9 r\u00e9glementaire, gouvernance partag\u00e9e, raison d&rsquo;\u00eatre, prospective et strat\u00e9gie. Praticien en comptabilit\u00e9 \u00e9cologique C.A.R.E.<\/p>\n\n\n\n<h3 class=\"wp-block-heading\"><strong>Exp\u00e9rience<\/strong><\/h3>\n\n\n\n<ul class=\"wp-block-list\">\n<li>Conseil aupr\u00e8s de PME et TPE: <strong>analyse de risques<\/strong> et <strong>gestion de la strat\u00e9gie de durabilit\u00e9<\/strong> \u00e0 l&rsquo;aide de la<strong> comptabilit\u00e9 C.A.R.E.<\/strong><\/li>\n\n\n\n<li><strong>Bilans carbone<\/strong> et strat\u00e9gie de d\u00e9carbonation<\/li>\n\n\n\n<li><strong>Pilotage du groupe de travail du CERCES sur l\u2019interop\u00e9rabilit\u00e9 entre C.A.R.E. et CSRD<\/strong><\/li>\n\n\n\n<li>Formateur CSRD pour l\u2019Institut de formation Comptabilit\u00e9 et Gestion Soutenables et animateur de conf\u00e9rences sur CSRD dans diff\u00e9rents r\u00e9seaux professionnels<\/li>\n\n\n\n<li>Analyste de risques financiers: cr\u00e9dit, march\u00e9, op\u00e9rationnels<\/li>\n\n\n\n<li>Nombreux projets complexes et transversaux d\u2019adaptation r\u00e9glementaire ou strat\u00e9gique: analyse co\u00fbts-b\u00e9n\u00e9fices, gestion budg\u00e9taire, d\u00e9finition des processus, des politiques et des indicateurs de suivi, en lien avec les auditeurs internes et externes.<\/li>\n<\/ul>\n\n\n\n<h3 class=\"wp-block-heading has-ast-global-color-2-color has-text-color has-link-color has-medium-font-size wp-elements-4efa53e5e6c637e420f7181665706ab9\"><strong>Engagements<\/strong><\/h3>\n\n\n\n<ul class=\"wp-block-list\">\n<li>Membre du Conseil de Surveillance de l&rsquo;Institut de formation en Comptabilit\u00e9 et Gestion Soutenables<\/li>\n\n\n\n<li>Animateur de la Fresque du Climat, de la Fresque de la Biodiversit\u00e9<\/li>\n\n\n\n<li>Intervenant \u00e0 la Convention des Entreprises pour le Climat <\/li>\n\n\n\n<li>Charg\u00e9 de cours \u00ab\u00a0Rapport de durabilit\u00e9\u00a0\u00bb, \u00ab\u00a0Performance globale\u00a0\u00bb, \u00ab\u00a0Introduction \u00e0 la comptabilit\u00e9 \u00e9cologique\u00a0\u00bb dans plusieurs \u00e9coles dont Dauphine, Kedge BS, GEM Alpine Business School, Terra Institute<\/li>\n<\/ul>\n<\/div>\n\n\n\n<div class=\"wp-block-column is-layout-flow wp-block-column-is-layout-flow\" style=\"flex-basis:33.33%\">\n<figure class=\"wp-block-image alignleft size-full\"><img loading=\"lazy\" decoding=\"async\" width=\"267\" height=\"300\" src=\"https:\/\/viosime.earth\/cdrozo\/wp-content\/uploads\/2025\/11\/ID-carre.jpg\" alt=\"\" class=\"wp-image-486\"\/><figcaption class=\"wp-element-caption\">CHRISTOPHE DROZO<br><img loading=\"lazy\" decoding=\"async\" width=\"33\" height=\"33\" class=\"wp-image-115\" src=\"http:\/\/viosime.earth\/cdrozo\/wp-content\/uploads\/2023\/02\/linkedin-logo-computer.png\" alt=\"\" srcset=\"https:\/\/viosime.earth\/cdrozo\/wp-content\/uploads\/2023\/02\/linkedin-logo-computer.png 185w, https:\/\/viosime.earth\/cdrozo\/wp-content\/uploads\/2023\/02\/linkedin-logo-computer-150x150.png 150w\" sizes=\"auto, (max-width: 33px) 100vw, 33px\" \/><a href=\"http:\/\/www.linkedin.com\/in\/christophedrozo\" target=\"_blank\" rel=\"noreferrer noopener\">Profil LinkedIn<\/a><\/figcaption><\/figure>\n<\/div>\n<\/div>\n\n\n\n<p><br>Viosime est inscrit \u00e0 l&rsquo;<strong><a href=\"https:\/\/ecoentreprises-france.fr\/\" target=\"_blank\" rel=\"noreferrer noopener\">annuaire national des \u00e9co-entreprises<\/a><\/strong>. Viosime est \u00e9galement membre du <a href=\"https:\/\/www.impactfrance.eco\/\"><strong>Mouvement Impact France<\/strong><\/a> et adh\u00e9rent \u00e0 la <strong><a href=\"https:\/\/climate.house\/\">Climate House<\/a><\/strong>.<br>Viosime est enregistr\u00e9 comme organise de formation sous le num\u00e9ro 11756999775 aupr\u00e8s du pr\u00e9fet de r\u00e9gion d&rsquo;Ile-de-France. Cet enregistrement d&rsquo;activit\u00e9 de prestation de formation ne vaut pas agr\u00e9ment de l\u2019\u00c9tat.<\/p>\n\n\n\n<h3 class=\"wp-block-heading\" style=\"font-size:24px\"><strong><a href=\"https:\/\/calendly.com\/christophe-drozo\/demande-d-information\">Prenons rendez-vous<\/a> ou <a href=\"https:\/\/viosime.earth\/cdrozo\/contact\/\">contactez-moi<\/a><\/strong><\/h3>\n\n\n\n<h2 class=\"wp-block-heading\">T\u00e9moignages<\/h2>\n\n\n\n<div class=\"wp-block-group is-content-justification-center is-nowrap is-layout-flex wp-container-core-group-is-layout-ff976b70 wp-block-group-is-layout-flex\">\n<figure class=\"wp-block-image size-full is-resized\"><a href=\"https:\/\/www.idf-ecoentreprises.fr\/articles\/109272-fresque-du-climat-le-bilan\"><img loading=\"lazy\" decoding=\"async\" width=\"730\" height=\"927\" src=\"http:\/\/viosime.earth\/cdrozo\/wp-content\/uploads\/2023\/03\/IDF-ecoent-FDC.png\" alt=\"\" class=\"wp-image-174\" style=\"width:335px;height:auto\" srcset=\"https:\/\/viosime.earth\/cdrozo\/wp-content\/uploads\/2023\/03\/IDF-ecoent-FDC.png 730w, https:\/\/viosime.earth\/cdrozo\/wp-content\/uploads\/2023\/03\/IDF-ecoent-FDC-236x300.png 236w\" sizes=\"auto, (max-width: 730px) 100vw, 730px\" \/><\/a><\/figure>\n\n\n\n<figure class=\"wp-block-image size-full is-resized\"><a href=\"https:\/\/www.linkedin.com\/feed\/update\/urn:li:activity:7022896962886586369?updateEntityUrn=urn%3Ali%3Afs_feedUpdate%3A%28V2%2Curn%3Ali%3Aactivity%3A7022896962886586369%29\"><img loading=\"lazy\" decoding=\"async\" width=\"488\" height=\"840\" src=\"http:\/\/viosime.earth\/cdrozo\/wp-content\/uploads\/2024\/01\/temoignage-stockpro.png\" alt=\"\" class=\"wp-image-363\" style=\"width:339px;height:auto\" srcset=\"https:\/\/viosime.earth\/cdrozo\/wp-content\/uploads\/2024\/01\/temoignage-stockpro.png 488w, https:\/\/viosime.earth\/cdrozo\/wp-content\/uploads\/2024\/01\/temoignage-stockpro-174x300.png 174w\" sizes=\"auto, (max-width: 488px) 100vw, 488px\" \/><\/a><\/figure>\n\n\n\n<div class=\"wp-block-columns is-layout-flex wp-container-core-columns-is-layout-28f84493 wp-block-columns-is-layout-flex\">\n<div class=\"wp-block-column is-layout-flow wp-block-column-is-layout-flow\">\n<figure class=\"wp-block-image size-full is-resized\"><a href=\"https:\/\/www.linkedin.com\/posts\/sophie-gentils_csrd-durabilitaez-atelier-activity-7108364757010628608-loTw?utm_source=share&amp;utm_medium=member_desktop\"><img loading=\"lazy\" decoding=\"async\" width=\"457\" height=\"907\" src=\"http:\/\/viosime.earth\/cdrozo\/wp-content\/uploads\/2024\/03\/temoigange-atelier-CSRD.png\" alt=\"\" class=\"wp-image-439\" style=\"width:383px;height:auto\" srcset=\"https:\/\/viosime.earth\/cdrozo\/wp-content\/uploads\/2024\/03\/temoigange-atelier-CSRD.png 457w, https:\/\/viosime.earth\/cdrozo\/wp-content\/uploads\/2024\/03\/temoigange-atelier-CSRD-151x300.png 151w\" sizes=\"auto, (max-width: 457px) 100vw, 457px\" \/><\/a><\/figure>\n<\/div>\n<\/div>\n<\/div>\n\n\n\n<div class=\"wp-block-group is-nowrap is-layout-flex wp-container-core-group-is-layout-6c531013 wp-block-group-is-layout-flex\">\n<figure class=\"wp-block-image size-large is-resized\"><img loading=\"lazy\" decoding=\"async\" width=\"1024\" height=\"579\" src=\"http:\/\/viosime.earth\/cdrozo\/wp-content\/uploads\/2025\/01\/Webinaire-PEXE-1024x579.jpg\" alt=\"\" class=\"wp-image-477\" style=\"width:596px;height:auto\" srcset=\"https:\/\/viosime.earth\/cdrozo\/wp-content\/uploads\/2025\/01\/Webinaire-PEXE-1024x579.jpg 1024w, https:\/\/viosime.earth\/cdrozo\/wp-content\/uploads\/2025\/01\/Webinaire-PEXE-300x170.jpg 300w, https:\/\/viosime.earth\/cdrozo\/wp-content\/uploads\/2025\/01\/Webinaire-PEXE-768x434.jpg 768w, https:\/\/viosime.earth\/cdrozo\/wp-content\/uploads\/2025\/01\/Webinaire-PEXE.jpg 1098w\" sizes=\"auto, (max-width: 1024px) 100vw, 1024px\" \/><\/figure>\n\n\n\n<figure class=\"wp-block-image size-full\"><img loading=\"lazy\" decoding=\"async\" width=\"548\" height=\"687\" src=\"http:\/\/viosime.earth\/cdrozo\/wp-content\/uploads\/2024\/03\/temoigange-DU.png\" alt=\"\" class=\"wp-image-437\" srcset=\"https:\/\/viosime.earth\/cdrozo\/wp-content\/uploads\/2024\/03\/temoigange-DU.png 548w, https:\/\/viosime.earth\/cdrozo\/wp-content\/uploads\/2024\/03\/temoigange-DU-239x300.png 239w\" sizes=\"auto, (max-width: 548px) 100vw, 548px\" \/><\/figure>\n<\/div>\n","protected":false},"excerpt":{"rendered":"<p>Qui suis-je? Je suis consultant en strat\u00e9gie, expert en gestion des risques et praticien en comptabilit\u00e9 socio-environnementale.J&rsquo;ai construit mon exp\u00e9rience transversale \u00e0 partir de la gestion de projets de transformation complexes et strat\u00e9giques. Les trois piliers qui fondent mon expertise : ing\u00e9nierie et doctorat en simulation num\u00e9rique, plus de 20 ans d&rsquo;exp\u00e9rience en finance quantitative, [&hellip;]<\/p>\n","protected":false},"author":1,"featured_media":0,"parent":0,"menu_order":0,"comment_status":"closed","ping_status":"closed","template":"","meta":{"site-sidebar-layout":"default","site-content-layout":"","ast-site-content-layout":"default","site-content-style":"default","site-sidebar-style":"default","ast-global-header-display":"","ast-banner-title-visibility":"","ast-main-header-display":"","ast-hfb-above-header-display":"","ast-hfb-below-header-display":"","ast-hfb-mobile-header-display":"","site-post-title":"","ast-breadcrumbs-content":"","ast-featured-img":"","footer-sml-layout":"","ast-disable-related-posts":"","theme-transparent-header-meta":"","adv-header-id-meta":"","stick-header-meta":"","header-above-stick-meta":"","header-main-stick-meta":"","header-below-stick-meta":"","astra-migrate-meta-layouts":"set","ast-page-background-enabled":"default","ast-page-background-meta":{"desktop":{"background-color":"var(--ast-global-color-4)","background-image":"","background-repeat":"repeat","background-position":"center center","background-size":"auto","background-attachment":"scroll","background-type":"","background-media":"","overlay-type":"","overlay-color":"","overlay-opacity":"","overlay-gradient":""},"tablet":{"background-color":"","background-image":"","background-repeat":"repeat","background-position":"center center","background-size":"auto","background-attachment":"scroll","background-type":"","background-media":"","overlay-type":"","overlay-color":"","overlay-opacity":"","overlay-gradient":""},"mobile":{"background-color":"","background-image":"","background-repeat":"repeat","background-position":"center center","background-size":"auto","background-attachment":"scroll","background-type":"","background-media":"","overlay-type":"","overlay-color":"","overlay-opacity":"","overlay-gradient":""}},"ast-content-background-meta":{"desktop":{"background-color":"var(--ast-global-color-5)","background-image":"","background-repeat":"repeat","background-position":"center center","background-size":"auto","background-attachment":"scroll","background-type":"","background-media":"","overlay-type":"","overlay-color":"","overlay-opacity":"","overlay-gradient":""},"tablet":{"background-color":"var(--ast-global-color-5)","background-image":"","background-repeat":"repeat","background-position":"center center","background-size":"auto","background-attachment":"scroll","background-type":"","background-media":"","overlay-type":"","overlay-color":"","overlay-opacity":"","overlay-gradient":""},"mobile":{"background-color":"var(--ast-global-color-5)","background-image":"","background-repeat":"repeat","background-position":"center center","background-size":"auto","background-attachment":"scroll","background-type":"","background-media":"","overlay-type":"","overlay-color":"","overlay-opacity":"","overlay-gradient":""}},"footnotes":""},"class_list":["post-22","page","type-page","status-publish","hentry"],"yoast_head":"<!-- This site is optimized with the Yoast SEO plugin v27.2 - https:\/\/yoast.com\/product\/yoast-seo-wordpress\/ -->\n<title>Comp\u00e9tences | Viosime - A propos<\/title>\n<meta name=\"description\" content=\"Je mobilise mes comp\u00e9tences en leadership, management et en d\u00e9veloppement durable au service de la transformation \u00e9cologique de votre entreprise.\" \/>\n<meta name=\"robots\" content=\"index, follow, max-snippet:-1, max-image-preview:large, max-video-preview:-1\" \/>\n<link rel=\"canonical\" href=\"https:\/\/viosime.earth\/cdrozo\/a-propos-competences\/\" \/>\n<meta property=\"og:locale\" content=\"fr_FR\" \/>\n<meta property=\"og:type\" content=\"article\" \/>\n<meta property=\"og:title\" content=\"Comp\u00e9tences | Viosime - A propos\" \/>\n<meta property=\"og:description\" content=\"Je mobilise mes comp\u00e9tences en leadership, management et en d\u00e9veloppement durable au service de la transformation \u00e9cologique de votre entreprise.\" \/>\n<meta property=\"og:url\" content=\"https:\/\/viosime.earth\/cdrozo\/a-propos-competences\/\" \/>\n<meta property=\"og:site_name\" content=\"Viosime\" \/>\n<meta property=\"article:modified_time\" content=\"2025-11-24T18:54:16+00:00\" \/>\n<meta property=\"og:image\" content=\"https:\/\/viosime.earth\/cdrozo\/wp-content\/uploads\/2025\/11\/ID-carre.jpg\" \/>\n<meta name=\"twitter:card\" content=\"summary_large_image\" \/>\n<meta name=\"twitter:label1\" content=\"Dur\u00e9e de lecture estim\u00e9e\" \/>\n\t<meta name=\"twitter:data1\" content=\"4 minutes\" \/>\n<script type=\"application\/ld+json\" class=\"yoast-schema-graph\">{\"@context\":\"https:\/\/schema.org\",\"@graph\":[{\"@type\":\"WebPage\",\"@id\":\"https:\/\/viosime.earth\/cdrozo\/a-propos-competences\/\",\"url\":\"https:\/\/viosime.earth\/cdrozo\/a-propos-competences\/\",\"name\":\"Comp\u00e9tences | Viosime - A propos\",\"isPartOf\":{\"@id\":\"http:\/\/viosime.earth\/cdrozo\/#website\"},\"primaryImageOfPage\":{\"@id\":\"https:\/\/viosime.earth\/cdrozo\/a-propos-competences\/#primaryimage\"},\"image\":{\"@id\":\"https:\/\/viosime.earth\/cdrozo\/a-propos-competences\/#primaryimage\"},\"thumbnailUrl\":\"https:\/\/viosime.earth\/cdrozo\/wp-content\/uploads\/2025\/11\/ID-carre.jpg\",\"datePublished\":\"2023-02-08T12:11:51+00:00\",\"dateModified\":\"2025-11-24T18:54:16+00:00\",\"description\":\"Je mobilise mes comp\u00e9tences en leadership, management et en d\u00e9veloppement durable au service de la transformation \u00e9cologique de votre entreprise.\",\"breadcrumb\":{\"@id\":\"https:\/\/viosime.earth\/cdrozo\/a-propos-competences\/#breadcrumb\"},\"inLanguage\":\"fr-FR\",\"potentialAction\":[{\"@type\":\"ReadAction\",\"target\":[\"https:\/\/viosime.earth\/cdrozo\/a-propos-competences\/\"]}]},{\"@type\":\"ImageObject\",\"inLanguage\":\"fr-FR\",\"@id\":\"https:\/\/viosime.earth\/cdrozo\/a-propos-competences\/#primaryimage\",\"url\":\"https:\/\/viosime.earth\/cdrozo\/wp-content\/uploads\/2025\/11\/ID-carre.jpg\",\"contentUrl\":\"https:\/\/viosime.earth\/cdrozo\/wp-content\/uploads\/2025\/11\/ID-carre.jpg\",\"width\":267,\"height\":300},{\"@type\":\"BreadcrumbList\",\"@id\":\"https:\/\/viosime.earth\/cdrozo\/a-propos-competences\/#breadcrumb\",\"itemListElement\":[{\"@type\":\"ListItem\",\"position\":1,\"name\":\"Accueil\",\"item\":\"http:\/\/viosime.earth\/cdrozo\/\"},{\"@type\":\"ListItem\",\"position\":2,\"name\":\"A propos\"}]},{\"@type\":\"WebSite\",\"@id\":\"http:\/\/viosime.earth\/cdrozo\/#website\",\"url\":\"http:\/\/viosime.earth\/cdrozo\/\",\"name\":\"Viosime\",\"description\":\"Vous renforcer sur ce qui compte\",\"publisher\":{\"@id\":\"http:\/\/viosime.earth\/cdrozo\/#organization\"},\"potentialAction\":[{\"@type\":\"SearchAction\",\"target\":{\"@type\":\"EntryPoint\",\"urlTemplate\":\"http:\/\/viosime.earth\/cdrozo\/?s={search_term_string}\"},\"query-input\":{\"@type\":\"PropertyValueSpecification\",\"valueRequired\":true,\"valueName\":\"search_term_string\"}}],\"inLanguage\":\"fr-FR\"},{\"@type\":\"Organization\",\"@id\":\"http:\/\/viosime.earth\/cdrozo\/#organization\",\"name\":\"Viosime\",\"url\":\"http:\/\/viosime.earth\/cdrozo\/\",\"logo\":{\"@type\":\"ImageObject\",\"inLanguage\":\"fr-FR\",\"@id\":\"http:\/\/viosime.earth\/cdrozo\/#\/schema\/logo\/image\/\",\"url\":\"https:\/\/viosime.earth\/cdrozo\/wp-content\/uploads\/2023\/02\/cropped-cropped-logo-carre.png\",\"contentUrl\":\"https:\/\/viosime.earth\/cdrozo\/wp-content\/uploads\/2023\/02\/cropped-cropped-logo-carre.png\",\"width\":512,\"height\":457,\"caption\":\"Viosime\"},\"image\":{\"@id\":\"http:\/\/viosime.earth\/cdrozo\/#\/schema\/logo\/image\/\"},\"sameAs\":[\"https:\/\/linkedin.com\/viosime\"]}]}<\/script>\n<!-- \/ Yoast SEO plugin. -->","yoast_head_json":{"title":"Comp\u00e9tences | Viosime - A propos","description":"Je mobilise mes comp\u00e9tences en leadership, management et en d\u00e9veloppement durable au service de la transformation \u00e9cologique de votre entreprise.","robots":{"index":"index","follow":"follow","max-snippet":"max-snippet:-1","max-image-preview":"max-image-preview:large","max-video-preview":"max-video-preview:-1"},"canonical":"https:\/\/viosime.earth\/cdrozo\/a-propos-competences\/","og_locale":"fr_FR","og_type":"article","og_title":"Comp\u00e9tences | Viosime - A propos","og_description":"Je mobilise mes comp\u00e9tences en leadership, management et en d\u00e9veloppement durable au service de la transformation \u00e9cologique de votre entreprise.","og_url":"https:\/\/viosime.earth\/cdrozo\/a-propos-competences\/","og_site_name":"Viosime","article_modified_time":"2025-11-24T18:54:16+00:00","og_image":[{"url":"https:\/\/viosime.earth\/cdrozo\/wp-content\/uploads\/2025\/11\/ID-carre.jpg","type":"","width":"","height":""}],"twitter_card":"summary_large_image","twitter_misc":{"Dur\u00e9e de lecture estim\u00e9e":"4 minutes"},"schema":{"@context":"https:\/\/schema.org","@graph":[{"@type":"WebPage","@id":"https:\/\/viosime.earth\/cdrozo\/a-propos-competences\/","url":"https:\/\/viosime.earth\/cdrozo\/a-propos-competences\/","name":"Comp\u00e9tences | Viosime - A propos","isPartOf":{"@id":"http:\/\/viosime.earth\/cdrozo\/#website"},"primaryImageOfPage":{"@id":"https:\/\/viosime.earth\/cdrozo\/a-propos-competences\/#primaryimage"},"image":{"@id":"https:\/\/viosime.earth\/cdrozo\/a-propos-competences\/#primaryimage"},"thumbnailUrl":"https:\/\/viosime.earth\/cdrozo\/wp-content\/uploads\/2025\/11\/ID-carre.jpg","datePublished":"2023-02-08T12:11:51+00:00","dateModified":"2025-11-24T18:54:16+00:00","description":"Je mobilise mes comp\u00e9tences en leadership, management et en d\u00e9veloppement durable au service de la transformation \u00e9cologique de votre entreprise.","breadcrumb":{"@id":"https:\/\/viosime.earth\/cdrozo\/a-propos-competences\/#breadcrumb"},"inLanguage":"fr-FR","potentialAction":[{"@type":"ReadAction","target":["https:\/\/viosime.earth\/cdrozo\/a-propos-competences\/"]}]},{"@type":"ImageObject","inLanguage":"fr-FR","@id":"https:\/\/viosime.earth\/cdrozo\/a-propos-competences\/#primaryimage","url":"https:\/\/viosime.earth\/cdrozo\/wp-content\/uploads\/2025\/11\/ID-carre.jpg","contentUrl":"https:\/\/viosime.earth\/cdrozo\/wp-content\/uploads\/2025\/11\/ID-carre.jpg","width":267,"height":300},{"@type":"BreadcrumbList","@id":"https:\/\/viosime.earth\/cdrozo\/a-propos-competences\/#breadcrumb","itemListElement":[{"@type":"ListItem","position":1,"name":"Accueil","item":"http:\/\/viosime.earth\/cdrozo\/"},{"@type":"ListItem","position":2,"name":"A propos"}]},{"@type":"WebSite","@id":"http:\/\/viosime.earth\/cdrozo\/#website","url":"http:\/\/viosime.earth\/cdrozo\/","name":"Viosime","description":"Vous renforcer sur ce qui compte","publisher":{"@id":"http:\/\/viosime.earth\/cdrozo\/#organization"},"potentialAction":[{"@type":"SearchAction","target":{"@type":"EntryPoint","urlTemplate":"http:\/\/viosime.earth\/cdrozo\/?s={search_term_string}"},"query-input":{"@type":"PropertyValueSpecification","valueRequired":true,"valueName":"search_term_string"}}],"inLanguage":"fr-FR"},{"@type":"Organization","@id":"http:\/\/viosime.earth\/cdrozo\/#organization","name":"Viosime","url":"http:\/\/viosime.earth\/cdrozo\/","logo":{"@type":"ImageObject","inLanguage":"fr-FR","@id":"http:\/\/viosime.earth\/cdrozo\/#\/schema\/logo\/image\/","url":"https:\/\/viosime.earth\/cdrozo\/wp-content\/uploads\/2023\/02\/cropped-cropped-logo-carre.png","contentUrl":"https:\/\/viosime.earth\/cdrozo\/wp-content\/uploads\/2023\/02\/cropped-cropped-logo-carre.png","width":512,"height":457,"caption":"Viosime"},"image":{"@id":"http:\/\/viosime.earth\/cdrozo\/#\/schema\/logo\/image\/"},"sameAs":["https:\/\/linkedin.com\/viosime"]}]}},"_links":{"self":[{"href":"https:\/\/viosime.earth\/cdrozo\/wp-json\/wp\/v2\/pages\/22","targetHints":{"allow":["GET"]}}],"collection":[{"href":"https:\/\/viosime.earth\/cdrozo\/wp-json\/wp\/v2\/pages"}],"about":[{"href":"https:\/\/viosime.earth\/cdrozo\/wp-json\/wp\/v2\/types\/page"}],"author":[{"embeddable":true,"href":"https:\/\/viosime.earth\/cdrozo\/wp-json\/wp\/v2\/users\/1"}],"replies":[{"embeddable":true,"href":"https:\/\/viosime.earth\/cdrozo\/wp-json\/wp\/v2\/comments?post=22"}],"version-history":[{"count":43,"href":"https:\/\/viosime.earth\/cdrozo\/wp-json\/wp\/v2\/pages\/22\/revisions"}],"predecessor-version":[{"id":488,"href":"https:\/\/viosime.earth\/cdrozo\/wp-json\/wp\/v2\/pages\/22\/revisions\/488"}],"wp:attachment":[{"href":"https:\/\/viosime.earth\/cdrozo\/wp-json\/wp\/v2\/media?parent=22"}],"curies":[{"name":"wp","href":"https:\/\/api.w.org\/{rel}","templated":true}]}}