{"id":3,"date":"2023-02-08T11:16:43","date_gmt":"2023-02-08T10:16:43","guid":{"rendered":"http:\/\/viosime.earth\/cdrozo\/?page_id=3"},"modified":"2023-02-11T20:50:12","modified_gmt":"2023-02-11T19:50:12","slug":"politique-de-confidentialite","status":"publish","type":"page","link":"https:\/\/viosime.earth\/cdrozo\/politique-de-confidentialite\/","title":{"rendered":"Mentions l\u00e9gales"},"content":{"rendered":"\n<h4 class=\"wp-block-heading\">Propri\u00e9taire, responsable du site<\/h4>\n\n\n\n<p>Le site viosime.earth est \u00e9dit\u00e9 par VIOSIME, domicili\u00e9 au 19 rue de Rocroy, 75010 PARIS, SIRET: 947772497, code APE 7022Z. Le directeur, propri\u00e9taire et responsable du site est M. Christophe Drozo.<\/p>\n\n\n\n<h4 class=\"wp-block-heading\">H\u00e9bergement<\/h4>\n\n\n\n<p>L&rsquo;h\u00e9bergeur du site est la soci\u00e9t\u00e9 OVH, 2 rue Kellermann, 59100 Roubaix.<\/p>\n\n\n\n<h4 class=\"wp-block-heading\">Utilisation du site<\/h4>\n\n\n\n<p>Le simple fait d\u2019acc\u00e9der au site implique que vous acceptiez sans r\u00e9serve les termes et conditions d\u00e9finies ci-dessous. VIOSIME se r\u00e9serve le droit de modifier \u00e0 tout instant les pr\u00e9sentes. Il est donc conseill\u00e9 de consulter r\u00e9guli\u00e8rement la derni\u00e8re version en vigueur.<br>Certains dangers sont inh\u00e9rents \u00e0 l\u2019utilisation d\u2019Internet et l\u2019utilisateur est mis en garde quant \u00e0 la n\u00e9cessit\u00e9 de prendre en compte les risques potentiels (toute infection par virus d\u2019ordinateur, tout bug, tout ralentissement, etc.) avant de proc\u00e9der \u00e0 la consultation du site internet viosime.earth.<br>Les utilisateurs du site sont tenus de respecter les dispositions de la loi informatique, fichiers et libert\u00e9s, dont la violation est passible de sanctions p\u00e9nales. Ils doivent notamment s\u2019abstenir, s\u2019agissant des informations nominatives auxquelles ils acc\u00e8dent, de toute collecte, de toute utilisation d\u00e9tourn\u00e9e et, d\u2019une mani\u00e8re g\u00e9n\u00e9rale, de tout acte susceptible de porter atteinte \u00e0 la vie priv\u00e9e ou \u00e0 la r\u00e9putation des personnes.<br>VIOSIME ne pourra \u00eatre tenu pour responsable de tout dommage direct et\/ou indirect r\u00e9sultant de l\u2019utilisation faite par le client du site et\/ou de toutes informations qu\u2019il contient.<br>Le site viosime.earth peut renvoyer l\u2019utilisateur \u00e0 d\u2019autres sites Internet par le biais de liens hypertexte. En tout \u00e9tat de cause, VIOSIME ne saurait \u00eatre responsable du contenu de ces sites, lesquels rel\u00e8vent de l\u2019enti\u00e8re responsabilit\u00e9 de leurs propri\u00e9taire.<\/p>\n\n\n\n<h4 class=\"wp-block-heading\">Cr\u00e9dits photos<\/h4>\n\n\n\n<p>Les photos pr\u00e9sentes sur ce site sont la propri\u00e9t\u00e9 exclusive de leur auteur. Elles sont prot\u00e9g\u00e9es par le Code de la Propri\u00e9t\u00e9 Intellectuelle et, plus g\u00e9n\u00e9ralement, les trait\u00e9s et accords internationaux comportant des dispositions relatives \u00e0 la protection des droits d\u2019auteurs.<br>Ces textes interdisent, quel que soit le proc\u00e9d\u00e9 utilis\u00e9, int\u00e9gralement ou partiellement, la repr\u00e9sentation, la reproduction, pour un usage autre que priv\u00e9 ou la modification sans l\u2019autorisation expresse de l\u2019auteur ou de ses ayants cause.<\/p>\n\n\n\n<h4 class=\"wp-block-heading\">Propri\u00e9t\u00e9 intellectuelle &#8211; droits d&rsquo;auteur<\/h4>\n\n\n\n<p>Le contenu de ce site rel\u00e8ve de la l\u00e9gislation fran\u00e7aise et internationale sur le droit d\u2019auteur et la propri\u00e9t\u00e9 intellectuelle.<br>VIOSIME conserve tous les droits patrimoniaux et moraux li\u00e9s aux documents de ce site, sous r\u00e9serve des droits dont b\u00e9n\u00e9ficient les auteurs d\u2019\u0153uvres publi\u00e9es sur ce site.<br>Ainsi, tous les droits de reproduction, sur supports \u00e9lectroniques ou papiers, sont-ils r\u00e9serv\u00e9s, y compris pour les documents t\u00e9l\u00e9chargeables et les repr\u00e9sentations iconographiques et\/ou photographiques.<br>Les visiteurs du site internet viosime.earth s\u2019interdisent la collecte, la captation, la d\u00e9formation ou l\u2019utilisation, des informations auxquelles ils ont acc\u00e8s, sous peine de poursuite.<br>Le logo figurant sur le site est une marques (semi-figurative ou non) et est d\u00e9pos\u00e9e. Toute reproduction totale ou partielle de cette marque ou de ce logo effectu\u00e9e \u00e0 partir des \u00e9l\u00e9ments du site sans l\u2019autorisation expresse de VIOSIME est prohib\u00e9e, au sens des articles L.713-2 et suivants du Code de la propri\u00e9t\u00e9 intellectuelle.<\/p>\n\n\n\n<p><\/p>\n","protected":false},"excerpt":{"rendered":"<p>Propri\u00e9taire, responsable du site Le site viosime.earth est \u00e9dit\u00e9 par VIOSIME, domicili\u00e9 au 19 rue de Rocroy, 75010 PARIS, SIRET: 947772497, code APE 7022Z. Le directeur, propri\u00e9taire et responsable du site est M. Christophe Drozo. H\u00e9bergement L&rsquo;h\u00e9bergeur du site est la soci\u00e9t\u00e9 OVH, 2 rue Kellermann, 59100 Roubaix. Utilisation du site Le simple fait d\u2019acc\u00e9der [&hellip;]<\/p>\n","protected":false},"author":1,"featured_media":0,"parent":0,"menu_order":0,"comment_status":"closed","ping_status":"open","template":"","meta":{"site-sidebar-layout":"default","site-content-layout":"","ast-site-content-layout":"default","site-content-style":"default","site-sidebar-style":"default","ast-global-header-display":"","ast-banner-title-visibility":"","ast-main-header-display":"","ast-hfb-above-header-display":"","ast-hfb-below-header-display":"","ast-hfb-mobile-header-display":"","site-post-title":"","ast-breadcrumbs-content":"","ast-featured-img":"","footer-sml-layout":"","ast-disable-related-posts":"","theme-transparent-header-meta":"","adv-header-id-meta":"","stick-header-meta":"","header-above-stick-meta":"","header-main-stick-meta":"","header-below-stick-meta":"","astra-migrate-meta-layouts":"default","ast-page-background-enabled":"default","ast-page-background-meta":{"desktop":{"background-color":"var(--ast-global-color-4)","background-image":"","background-repeat":"repeat","background-position":"center center","background-size":"auto","background-attachment":"scroll","background-type":"","background-media":"","overlay-type":"","overlay-color":"","overlay-opacity":"","overlay-gradient":""},"tablet":{"background-color":"","background-image":"","background-repeat":"repeat","background-position":"center center","background-size":"auto","background-attachment":"scroll","background-type":"","background-media":"","overlay-type":"","overlay-color":"","overlay-opacity":"","overlay-gradient":""},"mobile":{"background-color":"","background-image":"","background-repeat":"repeat","background-position":"center center","background-size":"auto","background-attachment":"scroll","background-type":"","background-media":"","overlay-type":"","overlay-color":"","overlay-opacity":"","overlay-gradient":""}},"ast-content-background-meta":{"desktop":{"background-color":"var(--ast-global-color-5)","background-image":"","background-repeat":"repeat","background-position":"center center","background-size":"auto","background-attachment":"scroll","background-type":"","background-media":"","overlay-type":"","overlay-color":"","overlay-opacity":"","overlay-gradient":""},"tablet":{"background-color":"var(--ast-global-color-5)","background-image":"","background-repeat":"repeat","background-position":"center center","background-size":"auto","background-attachment":"scroll","background-type":"","background-media":"","overlay-type":"","overlay-color":"","overlay-opacity":"","overlay-gradient":""},"mobile":{"background-color":"var(--ast-global-color-5)","background-image":"","background-repeat":"repeat","background-position":"center center","background-size":"auto","background-attachment":"scroll","background-type":"","background-media":"","overlay-type":"","overlay-color":"","overlay-opacity":"","overlay-gradient":""}},"footnotes":""},"class_list":["post-3","page","type-page","status-publish","hentry"],"yoast_head":"<!-- This site is optimized with the Yoast SEO plugin v27.2 - https:\/\/yoast.com\/product\/yoast-seo-wordpress\/ -->\n<title>Viosime - Mentions l\u00e9gales<\/title>\n<meta name=\"robots\" content=\"index, follow, max-snippet:-1, max-image-preview:large, max-video-preview:-1\" \/>\n<link rel=\"canonical\" href=\"http:\/\/viosime.earth\/cdrozo\/politique-de-confidentialite\/\" \/>\n<meta property=\"og:locale\" content=\"fr_FR\" \/>\n<meta property=\"og:type\" content=\"article\" \/>\n<meta property=\"og:title\" content=\"Viosime - Mentions l\u00e9gales\" \/>\n<meta property=\"og:description\" content=\"Propri\u00e9taire, responsable du site Le site viosime.earth est \u00e9dit\u00e9 par VIOSIME, domicili\u00e9 au 19 rue de Rocroy, 75010 PARIS, SIRET: 947772497, code APE 7022Z. Le directeur, propri\u00e9taire et responsable du site est M. Christophe Drozo. H\u00e9bergement L&rsquo;h\u00e9bergeur du site est la soci\u00e9t\u00e9 OVH, 2 rue Kellermann, 59100 Roubaix. Utilisation du site Le simple fait d\u2019acc\u00e9der [&hellip;]\" \/>\n<meta property=\"og:url\" content=\"http:\/\/viosime.earth\/cdrozo\/politique-de-confidentialite\/\" \/>\n<meta property=\"og:site_name\" content=\"Viosime\" \/>\n<meta property=\"article:modified_time\" content=\"2023-02-11T19:50:12+00:00\" \/>\n<meta property=\"og:image\" content=\"https:\/\/viosime.earth\/cdrozo\/wp-content\/uploads\/2023\/02\/logo-ligne2-e1675889934864.png\" \/>\n\t<meta property=\"og:image:width\" content=\"551\" \/>\n\t<meta property=\"og:image:height\" content=\"222\" \/>\n\t<meta property=\"og:image:type\" content=\"image\/png\" \/>\n<meta name=\"twitter:card\" content=\"summary_large_image\" \/>\n<meta name=\"twitter:label1\" content=\"Dur\u00e9e de lecture estim\u00e9e\" \/>\n\t<meta name=\"twitter:data1\" content=\"3 minutes\" \/>\n<script type=\"application\/ld+json\" class=\"yoast-schema-graph\">{\"@context\":\"https:\/\/schema.org\",\"@graph\":[{\"@type\":\"WebPage\",\"@id\":\"http:\/\/viosime.earth\/cdrozo\/politique-de-confidentialite\/\",\"url\":\"http:\/\/viosime.earth\/cdrozo\/politique-de-confidentialite\/\",\"name\":\"Viosime - Mentions l\u00e9gales\",\"isPartOf\":{\"@id\":\"http:\/\/viosime.earth\/cdrozo\/#website\"},\"datePublished\":\"2023-02-08T10:16:43+00:00\",\"dateModified\":\"2023-02-11T19:50:12+00:00\",\"breadcrumb\":{\"@id\":\"http:\/\/viosime.earth\/cdrozo\/politique-de-confidentialite\/#breadcrumb\"},\"inLanguage\":\"fr-FR\",\"potentialAction\":[{\"@type\":\"ReadAction\",\"target\":[\"http:\/\/viosime.earth\/cdrozo\/politique-de-confidentialite\/\"]}]},{\"@type\":\"BreadcrumbList\",\"@id\":\"http:\/\/viosime.earth\/cdrozo\/politique-de-confidentialite\/#breadcrumb\",\"itemListElement\":[{\"@type\":\"ListItem\",\"position\":1,\"name\":\"Accueil\",\"item\":\"http:\/\/viosime.earth\/cdrozo\/\"},{\"@type\":\"ListItem\",\"position\":2,\"name\":\"Mentions l\u00e9gales\"}]},{\"@type\":\"WebSite\",\"@id\":\"http:\/\/viosime.earth\/cdrozo\/#website\",\"url\":\"http:\/\/viosime.earth\/cdrozo\/\",\"name\":\"Viosime\",\"description\":\"Vous renforcer sur ce qui compte\",\"publisher\":{\"@id\":\"http:\/\/viosime.earth\/cdrozo\/#organization\"},\"potentialAction\":[{\"@type\":\"SearchAction\",\"target\":{\"@type\":\"EntryPoint\",\"urlTemplate\":\"http:\/\/viosime.earth\/cdrozo\/?s={search_term_string}\"},\"query-input\":{\"@type\":\"PropertyValueSpecification\",\"valueRequired\":true,\"valueName\":\"search_term_string\"}}],\"inLanguage\":\"fr-FR\"},{\"@type\":\"Organization\",\"@id\":\"http:\/\/viosime.earth\/cdrozo\/#organization\",\"name\":\"Viosime\",\"url\":\"http:\/\/viosime.earth\/cdrozo\/\",\"logo\":{\"@type\":\"ImageObject\",\"inLanguage\":\"fr-FR\",\"@id\":\"http:\/\/viosime.earth\/cdrozo\/#\/schema\/logo\/image\/\",\"url\":\"https:\/\/viosime.earth\/cdrozo\/wp-content\/uploads\/2023\/02\/cropped-cropped-logo-carre.png\",\"contentUrl\":\"https:\/\/viosime.earth\/cdrozo\/wp-content\/uploads\/2023\/02\/cropped-cropped-logo-carre.png\",\"width\":512,\"height\":457,\"caption\":\"Viosime\"},\"image\":{\"@id\":\"http:\/\/viosime.earth\/cdrozo\/#\/schema\/logo\/image\/\"},\"sameAs\":[\"https:\/\/linkedin.com\/viosime\"]}]}<\/script>\n<!-- \/ Yoast SEO plugin. -->","yoast_head_json":{"title":"Viosime - Mentions l\u00e9gales","robots":{"index":"index","follow":"follow","max-snippet":"max-snippet:-1","max-image-preview":"max-image-preview:large","max-video-preview":"max-video-preview:-1"},"canonical":"http:\/\/viosime.earth\/cdrozo\/politique-de-confidentialite\/","og_locale":"fr_FR","og_type":"article","og_title":"Viosime - Mentions l\u00e9gales","og_description":"Propri\u00e9taire, responsable du site Le site viosime.earth est \u00e9dit\u00e9 par VIOSIME, domicili\u00e9 au 19 rue de Rocroy, 75010 PARIS, SIRET: 947772497, code APE 7022Z. Le directeur, propri\u00e9taire et responsable du site est M. Christophe Drozo. H\u00e9bergement L&rsquo;h\u00e9bergeur du site est la soci\u00e9t\u00e9 OVH, 2 rue Kellermann, 59100 Roubaix. Utilisation du site Le simple fait d\u2019acc\u00e9der [&hellip;]","og_url":"http:\/\/viosime.earth\/cdrozo\/politique-de-confidentialite\/","og_site_name":"Viosime","article_modified_time":"2023-02-11T19:50:12+00:00","og_image":[{"width":551,"height":222,"url":"https:\/\/viosime.earth\/cdrozo\/wp-content\/uploads\/2023\/02\/logo-ligne2-e1675889934864.png","type":"image\/png"}],"twitter_card":"summary_large_image","twitter_misc":{"Dur\u00e9e de lecture estim\u00e9e":"3 minutes"},"schema":{"@context":"https:\/\/schema.org","@graph":[{"@type":"WebPage","@id":"http:\/\/viosime.earth\/cdrozo\/politique-de-confidentialite\/","url":"http:\/\/viosime.earth\/cdrozo\/politique-de-confidentialite\/","name":"Viosime - Mentions l\u00e9gales","isPartOf":{"@id":"http:\/\/viosime.earth\/cdrozo\/#website"},"datePublished":"2023-02-08T10:16:43+00:00","dateModified":"2023-02-11T19:50:12+00:00","breadcrumb":{"@id":"http:\/\/viosime.earth\/cdrozo\/politique-de-confidentialite\/#breadcrumb"},"inLanguage":"fr-FR","potentialAction":[{"@type":"ReadAction","target":["http:\/\/viosime.earth\/cdrozo\/politique-de-confidentialite\/"]}]},{"@type":"BreadcrumbList","@id":"http:\/\/viosime.earth\/cdrozo\/politique-de-confidentialite\/#breadcrumb","itemListElement":[{"@type":"ListItem","position":1,"name":"Accueil","item":"http:\/\/viosime.earth\/cdrozo\/"},{"@type":"ListItem","position":2,"name":"Mentions l\u00e9gales"}]},{"@type":"WebSite","@id":"http:\/\/viosime.earth\/cdrozo\/#website","url":"http:\/\/viosime.earth\/cdrozo\/","name":"Viosime","description":"Vous renforcer sur ce qui compte","publisher":{"@id":"http:\/\/viosime.earth\/cdrozo\/#organization"},"potentialAction":[{"@type":"SearchAction","target":{"@type":"EntryPoint","urlTemplate":"http:\/\/viosime.earth\/cdrozo\/?s={search_term_string}"},"query-input":{"@type":"PropertyValueSpecification","valueRequired":true,"valueName":"search_term_string"}}],"inLanguage":"fr-FR"},{"@type":"Organization","@id":"http:\/\/viosime.earth\/cdrozo\/#organization","name":"Viosime","url":"http:\/\/viosime.earth\/cdrozo\/","logo":{"@type":"ImageObject","inLanguage":"fr-FR","@id":"http:\/\/viosime.earth\/cdrozo\/#\/schema\/logo\/image\/","url":"https:\/\/viosime.earth\/cdrozo\/wp-content\/uploads\/2023\/02\/cropped-cropped-logo-carre.png","contentUrl":"https:\/\/viosime.earth\/cdrozo\/wp-content\/uploads\/2023\/02\/cropped-cropped-logo-carre.png","width":512,"height":457,"caption":"Viosime"},"image":{"@id":"http:\/\/viosime.earth\/cdrozo\/#\/schema\/logo\/image\/"},"sameAs":["https:\/\/linkedin.com\/viosime"]}]}},"_links":{"self":[{"href":"https:\/\/viosime.earth\/cdrozo\/wp-json\/wp\/v2\/pages\/3","targetHints":{"allow":["GET"]}}],"collection":[{"href":"https:\/\/viosime.earth\/cdrozo\/wp-json\/wp\/v2\/pages"}],"about":[{"href":"https:\/\/viosime.earth\/cdrozo\/wp-json\/wp\/v2\/types\/page"}],"author":[{"embeddable":true,"href":"https:\/\/viosime.earth\/cdrozo\/wp-json\/wp\/v2\/users\/1"}],"replies":[{"embeddable":true,"href":"https:\/\/viosime.earth\/cdrozo\/wp-json\/wp\/v2\/comments?post=3"}],"version-history":[{"count":13,"href":"https:\/\/viosime.earth\/cdrozo\/wp-json\/wp\/v2\/pages\/3\/revisions"}],"predecessor-version":[{"id":129,"href":"https:\/\/viosime.earth\/cdrozo\/wp-json\/wp\/v2\/pages\/3\/revisions\/129"}],"wp:attachment":[{"href":"https:\/\/viosime.earth\/cdrozo\/wp-json\/wp\/v2\/media?parent=3"}],"curies":[{"name":"wp","href":"https:\/\/api.w.org\/{rel}","templated":true}]}}